= -265 + 665. What is the hundreds digit of l?
4
Suppose 1054 = 2*z - 5*y + 9*y, -4*z = -3*y - 2130. What is the tens digit of z?
3
Suppose 3*q = 94 + 872. Let j = -155 + q. What is the tens digit of j?
6
Let o(c) = 2*c - 7*c + 1 + 2*c. Suppose w + 40 = 39. What is the units digit of o(w)?
4
What is the tens digit of -3*951/(-9) - 4?
1
Let p = 14 - -13. Let s = 148 - p. Let a = s + -58. What is the units digit of a?
3
Let g(o) be the third derivative of o**5/20 - 5*o**4/12 + o**3/3 + 13*o**2. What is the tens digit of g(4)?
1
Let c = -939 + 1488. What is the hundreds digit of c?
5
Suppose h + q + 70 = 2*h, -3*q = 5*h - 374. Let l(i) = -i**3 - i**2 + 2*i + 1. Let f be l(3). Let g = h + f. What is the units digit of g?
4
Suppose -4*k = -2*k - 8. Suppose 12 + 2 = 3*m + k*z, -2*m = -5*z + 6. Suppose -4*y = -m*y - 26. What is the tens digit of y?
1
Suppose -26*i - 4671 = -35*i. What is the units digit of i?
9
Let t(m) = m - 3. Let x be t(9). Let g = x + -12. What is the tens digit of g*(-33)/(-30)*-5?
3
Suppose 0 = -3*b + b + 4. Suppose -i = -b*i + 82. What is the tens digit of i?
8
Suppose 5*m - 4120 = -5*s - 1105, -5*s - 4*m + 3016 = 0. What is the hundreds digit of s?
6
Let y(a) = 2*a**2 - 1. Let z be y(-2). Let r = 7 - z. Suppose -10*s + 6*s + 36 = r. What is the units digit of s?
9
Suppose 0 = -2*b, -3*c - c + 5*b = 0. Suppose c = -5*g - 2*u + 676, 0 = -4*g - u - u + 542. What is the hundreds digit of g?
1
Suppose 3*w = 8 + 7, s + 4*w - 3784 = 0. What is the units digit of s?
4
Suppose 3*u = 3*z + 21, -4*u + 22 = -z - z. Suppose u*m + 43 = 291. What is the tens digit of m?
6
Let s = 12 + -14. Let r be -1 + -29 + -2 - s. What is the tens digit of 1 - r - (8 + -11)?
3
Suppose 5*v - 3*q = -q + 1435, 0 = q + 5. Let j be 38/v + 184/(-30). Let o = 26 - j. What is the tens digit of o?
3
Let q = -2497 + 5719. What is the units digit of q?
2
What is the hundreds digit of 16728/18 + (-1 - 15/(-9))?
9
Let w(g) = 6*g**2 + 5*g - 27. What is the tens digit of w(8)?
9
Let p(v) be the second derivative of v**7/105 - v**6/720 + v**4/3 - 4*v. Let z(u) be the third derivative of p(u). What is the tens digit of z(-1)?
2
Let v = 106 - 148. What is the hundreds digit of 156 - (-7)/(v/18)?
1
Suppose -5*l - 3*l = 880. Let k = l + 174. What is the units digit of k?
4
Let j(m) = m**2 - 8*m. Let f be (-237)/(-12) + (-3)/(-12). Suppose -r = -3*r + f. What is the units digit of j(r)?
0
What is the hundreds digit of (-2966)/(-10) + (5 - (-69)/(-15))?
2
Let j(t) = 42*t. Let z(q) = -q - 1. Let x be 60/27 - (-8)/(-36). Let r(c) = x*z(c) - j(c). What is the units digit of r(-1)?
2
Suppose 0 = -4*t + 4 - 0. Let z be 3 + t*(-2 - -1). Let a = 6 - z. What is the units digit of a?
4
What is the units digit of (-1 - -1452)/((-59)/(-118))?
2
Suppose 0 = 2*a - 0 + 10. Let n be a/2*6/3. Let f = 20 - n. What is the tens digit of f?
2
Suppose 0 = 4*z - 0*z - 960. Let b = 410 - z. What is the tens digit of b?
7
Let p(z) = 72*z**3 - 2*z**2 + 14*z - 1. What is the thousands digit of p(3)?
1
Suppose 4*a - 3*v + 12 = 49, -a = -3*v + 2. Let y = 15 - a. What is the units digit of (-3 - 0) + (25 - y)?
0
Let y be (-2 + 1)*3 - -5. Suppose -3*f = -y*z + 1 - 13, 0 = -5*f + 5*z + 25. Suppose f*o + 4*i = 84, 0 = 4*o - i - 0*i - 168. What is the units digit of o?
2
Suppose w - 9 = 4*x, -5*w - 12 = -3*x + 2*x. Let z(t) = 2 + 3*t + 2*t + 0*t + 4*t**2. What is the tens digit of z(w)?
2
Let f = 44 - 34. Suppose -f = -5*x, -5*w + w = x - 802. What is the tens digit of w?
0
Let k be (-18)/(-18)*(-6)/(-2). Suppose -a = -k*a + 52. What is the tens digit of a?
2
Suppose 40*v - 175654 = -31*v. What is the tens digit of v?
7
Let f(g) = -g**3 - 12*g**2 - 10*g + 7. Let x be f(-11). What is the units digit of 90 - ((-25)/(-5) + 12/x)?
8
What is the hundreds digit of 1 + (-3 + 1 - (-12 + -345))?
3
Let k(t) be the first derivative of t**3 - t**2 + 4*t - 17. Let l(p) = -p**3 + p**2 + p - 2. Let v be l(0). What is the units digit of k(v)?
0
Let p(a) = 10*a + 5. Let w(b) = -b**2 - 6*b - 3. Let g be w(-5). What is the tens digit of p(g)?
2
Suppose 2*y - 3*s - 959 = -2*y, -723 = -3*y + 3*s. Suppose -4*r - 56 = -y. What is the tens digit of r?
4
Let n = 13 - 17. Let y = n + -12. Let f = y + 30. What is the units digit of f?
4
Suppose -5*a + z + 7320 = -5584, -z - 4 = 0. Suppose 3*s = -9*s + a. What is the hundreds digit of s?
2
Let g = 6543 + -2301. What is the hundreds digit of g?
2
Suppose 0 = b + 5*t - 20, -3*b + b - 20 = -5*t. Suppose 2*j + b = 8. Suppose 4*w - w = 5*u + 69, 4*w - 60 = -j*u. What is the units digit of w?
8
Let d(h) = -7 - h**3 - 4*h**2 + 5 - 2. What is the tens digit of d(-7)?
4
Let x(c) = 3*c**2 - 2*c + 5. Let d be x(10). Suppose -5*k + d = 2*o - 5*o, -o + 211 = 4*k. What is the units digit of k?
4
Let y = 2834 + -1120. What is the units digit of y?
4
Let c be 111/2*6/9. Suppose c = -2*i + 3*i. What is the tens digit of i?
3
Suppose 2*i + 0*i - 1180 = -4*p, -i = 4*p - 596. What is the tens digit of i?
8
Let k(r) be the second derivative of r**5/20 + r**4/3 + r**3/3 - r**2 - 7*r. Let z be k(-2). Suppose 0 = z*o - 4*o + 34. What is the tens digit of o?
1
Suppose 4*l + 7 = 4*d - d, 3*l = d + 1. What is the units digit of (-6 + d + -2)*182/(-6)?
1
Suppose 21*v - 2033 = 6031. What is the tens digit of v?
8
Let j(u) = 14*u + 1. Let z be j(1). Let q(k) = -20*k - 78. Let i be q(-5). Let d = i - z. What is the units digit of d?
7
Suppose -8 = l + 3*l - 3*n, 5*n + 25 = -l. Let w = 9 + l. Suppose 4*d + 2*s = 3*d + 15, w*d - 75 = -3*s. What is the units digit of d?
1
Let o = 11 + -8. Let b be 50*(21/(-6) + o). What is the units digit of (-20)/b*280/4?
6
Suppose -2*a + 4*q = -0*a - 1122, -a + 571 = 3*q. Suppose 5*y = -205 + a. What is the units digit of y?
2
Let t be 1*-9 - (-4 + 0). Let p(v) = 5*v**2 + 7*v + 5. What is the units digit of p(t)?
5
Suppose 0 = 3*p - 49 - 17. Let w = 22 - p. Suppose w*a + 2*a = 4*r - 28, 2 = -2*r + 5*a. What is the units digit of r?
9
Let j(m) = m**3 - 7*m**2 - 2*m - 18. Let q(h) = -h**3 + 8*h**2 + 9*h + 13. Let r be q(9). Let u be j(r). What is the tens digit of u/25 - 1/(-5)?
3
Let l(c) = -3*c**2 - 20. Let n be l(7). Let m = -93 - n. What is the units digit of m?
4
Suppose -2*b - w = -11, 5*b + 0*w = -w + 26. Suppose 4*h = 4*o + 1012, -2*h - b*o + 498 = -3*o. What is the hundreds digit of h?
2
What is the hundreds digit of (-93)/(-3)*(1 + 29 + -3)?
8
Suppose 2*j - 68 = -x, 2*x - x - 164 = -5*j. Let q = 94 - j. What is the units digit of q?
2
Suppose -d + 696 = -c, d + 5*c - 690 = -0*d. Suppose 5*x - g + 5 = d, 4*x - 552 = -5*g. What is the units digit of x?
8
Let t be 174/30 + -6 + 2692/10. Let c = 425 - t. What is the units digit of c?
6
Suppose 0 = -4*z - 0*z - 4*v - 1044, 3*v - 15 = 0. What is the hundreds digit of z/4*1/(-1)*2?
1
What is the units digit of (-2799 - -1)*(1 + (-9)/6)?
9
Let n(y) = 29*y**2 + 4*y - 25. What is the tens digit of n(3)?
4
What is the thousands digit of (-21672)/(-15) - (216/20 + -12)?
1
Let a = -18 - -40. Suppose 4*n - 54 - a = 0. What is the tens digit of n - (1 - -1 - -1)?
1
Let o = -9 - -12. Suppose 0 = -4*w - 5*a + 21, 3*a - 2*a = w - o. Suppose -2*t = r - 2 - 5, 0 = -5*t - w*r + 16. What is the units digit of t?
4
Suppose 0*i - i = -3. Suppose 3*z = i*g + 174, -z + 132 = z + 2*g. Suppose v + 3*v - 159 = 3*p, -2*v + z = 2*p. What is the tens digit of v?
3
Suppose 0 = 3*i - 458 + 17. Suppose -5*w - 32 + i = 0. What is the units digit of w?
3
Let t(y) = -y**3 + 12*y**2 - 14*y + 11. Let z(k) = 2*k**3 - 25*k**2 + 27*k - 23. Let o(p) = -7*t(p) - 4*z(p). What is the units digit of o(15)?
0
Suppose 3*w + 4 = w. Let u(p) = 4*p - 2. Let n be u(w). What is the tens digit of 275/(-10)*8/n?
2
Suppose 2*d = -5*k - 12, -d - 7 + 1 = -2*k. Let w be (-2 - d/2) + -1. Suppose 3*q + 4*v - 13 = w, -q + 0*v + 16 = -v. What is the units digit of q?
1
Let i = 19 - 0. Let o = i - 14. What is the units digit of o?
5
Suppose 47*c + 264 = 48*c. What is the tens digit of c?
6
Suppose 0 = -3*y + l + 9307, y - 4*y = -2*l - 9302. What is the units digit of y?
4
What is the hundreds digit of 3415 - -22*(-1)/(-2)?
4
Suppose w - 6*w + 28 = -3*r, -5*w + 5*r + 20 = 0. Let n(c) be the second derivative of c**4/12 - c**3 + 3*c**2/2 - 23*c. What is the tens digit of n(w)?
1
Let a(t)